(d).
-2
Let x(q) = -11*q**3 - 5*q**2 + q - 5. Suppose 0*y - 3*y = 12. Let g(h) = -h**3 - h**2 - 1. Let j(t) = y*g(t) + x(t). What is j(1)?
-8
Let m(k) = 2*k + 1. Let i = -4 + 24. Suppose -4*o - i = -4*r, 2*o - 18 = 6*r - 11*r. Calculate m(r).
9
Suppose 1 = -u + 2. Let l(a) = a**3 - a**2 - 3*a - 4. Let t(b) = -2*b**3 + b**2 + 5*b + 7. Let z(d) = -5*l(d) - 3*t(d). Calculate z(u).
2
Let t(p) be the first derivative of p**4/4 + 2*p**3/3 - 3*p**2/2 - 3*p - 4. Let s be t(-2). Let y(x) = x**3 - 5*x**2 + 3*x + 4. Calculate y(s).
-5
Suppose -2*h - 8 = 2*v + v, h - 2*v = 10. Let w(l) = h*l - l**3 - l - 8*l**2 - 4*l + 10*l**2. Give w(2).
-6
Let p(w) be the third derivative of -w**6/120 - w**5/15 - w**4/24 - w**3/3 - 5*w**2. Calculate p(-4).
2
Let m = 15 - 16. Let h(q) = 5*q**3 - 3*q**2 - 8*q + 3. Let r(w) = w**3 - w + 1. Let o(g) = m*h(g) + 6*r(g). Give o(-3).
-3
Let c(o) = 2 + 0*o - 3*o + 2*o. Give c(-6).
8
Let d(w) be the third derivative of -w**4/24 - 5*w**3/6 - w**2. Suppose 0 = -4*x + 2*x + 4. Suppose -3*h - 34 = 5*q, -x*h = -q + 2*h + 7. Determine d(q).
0
Let d(y) = -y**2 - 8*y - 5. Suppose 15*v = 7*v - 56. Give d(v).
2
Let p(f) = 2*f**3 - 17*f**2 - 16*f + 11. Let u(l) = l**3 - 8*l**2 - 8*l + 6. Let x(d) = -2*p(d) + 5*u(d). Calculate x(7).
1
Let k(o) = -2*o**2 + 2*o - 1. Let m be k(2). Let b be m/(-2) - (-5)/10. Let z be 0 - b/(-3) - -2. Let n(w) = -w**2 + 2*w - 4. Give n(z).
-7
Let i(l) be the first derivative of l**2 + 5*l - 4. Let x = 2 - -2. Let b be ((-5)/x)/(3/12). Determine i(b).
-5
Let l be (6/(-15))/((-2)/10). Let h(b) = 0 + b**2 + 5*b - l - 1. Give h(-5).
-3
Let r(q) = q**3 + 6*q**2 + 4*q + 2. Let c be r(-5). Suppose -c*a = -2*a. Let v(g) = -3*g**3 - 5 + 0*g + 4*g**3 + g + g**2. Calculate v(a).
-5
Suppose j = l - 3, -5*j = -5*l - 3*j. Let a(z) = -z + 1. Calculate a(l).
3
Let d(s) = -s**2 + 6*s. Let h(p) = 2*p**2 - 3*p + 3. Let x be h(2). Suppose -7*m = -x*m - 10. Determine d(m).
5
Let a = 15 + -16. Let r(u) = -5*u + 1. Give r(a).
6
Let w(f) = -8*f - 38. Let y be w(-5). Let l(p) = 2*p**3 - 2*p**2 + 1. Calculate l(y).
9
Let k(d) = 14*d + 1. Let w = -32 - -31. Calculate k(w).
-13
Let z be (3/(-5))/(1/(-5)). Let c(j) be the third derivative of -j**5/60 + j**4/12 + j**3/6 + j**2. Calculate c(z).
-2
Suppose 2*g = -0*g + 10. Let i(y) = 2*y**3 + g*y - 5*y**3 - 5*y**2 - 5 + 4*y**3 - 2*y**3. Determine i(-6).
1
Let v(h) = 11*h**2 + 14*h + 3. Let k(q) = -4*q**2 - 5*q - 1. Let a(t) = 8*k(t) + 3*v(t). Determine a(-2).
1
Let t = 1 - 2. Let h(s) be the second derivative of s**5/4 - s**4/6 - s**3/6 - 3*s. Give h(t).
-6
Let s(a) = -a**3 + a**2 + a - 9. Let o(k) = k + 5. Let u(y) be the second derivative of -y**3/3 + y**2/2 - 3*y. Let n be u(3). Let f be o(n). What is s(f)?
-9
Let k = -9 - -14. Let a(n) = n**3 - 6*n**2 + n + 6. Determine a(k).
-14
Let l(h) = 9*h**3 + 6*h**2 + 5*h + 5. Let u(o) = 5*o**3 + 3*o**2 + 3*o + 3. Let x(p) = 4*l(p) - 7*u(p). Determine x(-2).
5
Let a be (-2 + 8)/(1*2). Let o(l) = -l**2 + l**3 - 1 + 2*l + 0*l**3 - a*l**3. Suppose -59 + 33 = 13*y. Calculate o(y).
7
Let z be ((-3)/12)/(3/(-24)). Let k(w) = 4*w**2 + 2*w**2 + 2*w - 5*w**z. Calculate k(-3).
3
Let o(s) = -s - 12. Let f(b) = 3*b + 34. Let h(c) = 6*f(c) + 17*o(c). Calculate h(3).
3
Let k(p) = -p - 2. Suppose -3*a - 2 = -8. Let j be k(a). Let r(o) = 4*o + 4. Let w(l) = 11*l + 11. Let n(t) = -17*r(t) + 6*w(t). What is n(j)?
6
Let c(t) = 19 + 20*t**3 - 18 - 19*t**3. Suppose -j - 2*l - l = -11, 0 = -4*l + 16. What is c(j)?
0
Suppose -d + 2*p + 1 + 0 = 0, -p = -2*d - 1. Let h = -9 - -10. Let r(x) = 3 - 6*x**3 - 3 - 3*x**3 + h. Determine r(d).
10
Let o = 1 - -5. Let n(a) = 9 - 2 + a**2 - 7*a - 2. Let q be n(o). Let i(d) = -2*d - 1. Determine i(q).
1
Let j(x) be the third derivative of 1/6*x**4 - 2*x**2 + 0 + 1/60*x**5 + 0*x**3 + 0*x. Suppose -3*z + 15 = -8*z. Give j(z).
-3
Let p(i) be the first derivative of -i**4/2 + i**3/3 - i + 1. Let z(d) = d**2 - 2*d + 1. Let l be z(2). Determine p(l).
-2
Let l(v) = -1. Let m(a) = -13*a**2 + 3*a + 5. Let z(i) = 7*i**2 - 2*i - 3. Let s(p) = -6*m(p) - 11*z(p). Let q(o) = 2*l(o) - s(o). What is q(-4)?
-5
Let f(d) = -2*d**3 + d**2 + 4*d - 3. Suppose n = -3*o - 12, -2*o - 5 = -5*n + 3. Let s = n + 2. Suppose -3*g - 4*w + 18 = 0, s*w - 4*w + 2 = -2*g. Give f(g).
-7
Let v(l) = -l**3 - 8*l**2 - 6*l + 8. Suppose 0 = 4*t + 13 + 15. Give v(t).
1
Let k(i) = 12*i**2 - 2*i**2 + 9 + 9*i - 11*i**2. Calculate k(7).
23
Suppose -6 = 2*o + 4. Let k(j) = j**2 + 3*j - 5. What is k(o)?
5
Suppose -2*b + 3 = -7. Suppose 0 = b*u - 10. Let r(o) = 2 - 1 - 5*o + 3*o**u - 2 - 2*o**2. Determine r(5).
-1
Let k(t) = -3*t**2 + 2*t - 1. Let b(l) = -7*l**2 + 4*l - 2. Let y(v) = 2*b(v) - 5*k(v). What is y(2)?
1
Let g(l) = -6*l - 1. Suppose 11*m + 5 = 6*m. What is g(m)?
5
Let f(o) = -o**2 + 3*o. Let w(z) = -5*z + 52. Let v be w(10). Calculate f(v).
2
Let g be 2/11 + 13/(-11). Let t be ((-2)/2)/(g/(-5)). Let y be (t/(-3))/(3/9). Let a(p) = 2*p - 3. Calculate a(y).
7
Let q(i) = -i**3 + 2*i**2 - 2*i - 1. Let x(r) = 5*r**3 - 8*r**2 + 7*r + 5. Let m(d) = -9*q(d) - 2*x(d). Suppose 0 = 2*t + 1 + 5. Give m(t).
-4
Suppose 2*k + 2*z - 5 = 7, -3 = -5*k + 4*z. Let o = -19 - -22. Let n(q) = -q - 4 + o*q + 5 - k*q. Give n(-4).
5
Suppose -a + 3 = 1. Suppose p - 10 = 3*j, -2*p = -p + a. Let h(n) = n**2 + 4*n + 1. Determine h(j).
1
Let d(v) = v**2 + 2*v + 3. Let f be d(-3). Suppose -5*b + 5 + 30 = 4*q, -2*q = b - 13. Let p(c) = f*c + c - b*c + 4*c. Determine p(1).
8
Let a be (6 - 342/42) + 2/14. Let q(h) = -h - 1. Calculate q(a).
1
Let t(u) = 2*u + 1. Let j = 17 + -34. Let r = j + 11. Give t(r).
-11
Let b(j) = j**3 - 6*j**2 + 6. Suppose -5*s = 15, t - 2 = s + 12. Let p(o) = 2*o**2 + 8*o + 7. Let r be p(-5). Let m = r - t. What is b(m)?
6
Let k(p) = -7*p**3 - 2*p**2 + 3*p + 9. Let a(v) = 3*v**3 + v**2 - v - 4. Suppose -3*c - c = 8. Let s(x) = c*k(x) - 5*a(x). Give s(0).
2
Let f(u) = u**3 - 5*u**2 + 5*u - 6. Let p be (0 - -2) + -1 + -1. Let q be p/(3/((-2)/(-2))). Suppose -w = -q*w - 2*j - 14, -5*j - 17 = 2*w. Determine f(w).
-2
Let j(x) be the first derivative of -3*x**2/2 + 4*x + 1. Let d = -31 + 19. Let v be d/30 - 44/(-10). Give j(v).
-8
Let t(i) = i**3 - i + 2. Let z be t(-2). Suppose 0*n = n + 1. Let l(y) = 2*y**2 + 3*y + 2. Let q(o) = -o**2 + o - 1. Let d(u) = n*l(u) - q(u). Give d(z).
-1
Let q(h) = 2 + 0*h + 7*h + h + h**2. Let r(n) = n**2 + 9*n + 2. Let g(j) = 7*q(j) - 6*r(j). Calculate g(-2).
2
Suppose 10 = -5*p - 2*k + 1, 0 = 4*p + 4*k. Let o(i) = i**3 + 4*i**2 + 2*i - 4. Determine o(p).
-1
Let k(y) be the second derivative of -y**7/1260 - y**6/144 - y**5/60 + y**4/12 - 2*y. Let a(c) be the third derivative of k(c). Calculate a(-3).
-5
Let c(y) = 3*y + 3. Let w(r) = -10*r - 9. Let a(m) = 7*c(m) + 2*w(m). Give a(-7).
-4
Let g be 7 + -3 - (-2)/(-1). Let t(m) = -2*m**g + m**2 + m - 1 + 5*m. What is t(6)?
-1
Let o(a) = a**2 - 4*a + 1. Let p(g) = 13*g**3 + g**2 + g. Let h be p(-1). Let x = -10 - h. Give o(x).
-2
Let u be (-168)/27 - (-10)/45. Let p(m) = -m**3 - 7*m**2 - 4*m + 3. Determine p(u).
-9
Let z(c) = -c**2 + 6*c - 1. Let u(w) = -w**2 - 11*w - 13. Let q be u(-9). Give z(q).
4
Let z(o) = -1. Let l(v) = -2*v**2 - 2*v + 7. Let n(a) = l(a) + 6*z(a). Determine n(2).
-11
Let q(p) = p**3 - p**2. Suppose 2*x = 3*x. Let i be (2 + -3)*-1 + x. Calculate q(i).
0
Let i(p) be the second derivative of -3*p**4/4 - p**3/3 + p**2 + 3*p - 5. Calculate i(-2).
-30
Let q(a) = -a**3 + 10*a**2 - 9*a - 7. Suppose -4*w - 13 = -t, -21 = -0*t - 2*t + 3*w. Calculate q(t).
-7
Let v(r) = -6*r + 1. Let o be v(-1). Let n(c) = -2 + o - 2 + 1 + c. Give n(-4).
0
Suppose -1 = -5*u + 4. Let w(b) = -1 + 2*b**3 + b**2 + b - 2*b**3 - 11*b**3. Determine w(u).
-10
Suppose -2*c - 3 = 3. Let v(t) = 2*t**2 + 2 + 3 + 4*t - t**2 - 2. What is v(c)?
0
Let m be ((-2)/5)/((-5)/(-50)). Let w(i) = i**3 + 3*i**2 - 6*i - 1. What is w(m)?
7
Let q(y) be the first derivative of 2 + 3/2*y**2 + y. Let m be 0*(-2)/(-6) + -2. Determine q(m).
-5
Suppose -5*c = -13*c + 40. Let o(g) = 3*g - 6. Calculate o(c).
9
Let c = 5 - 11. Let t(r) = -r**2 - 12*r - 4. Let p(f) = -f**2 - 13*f - 4. Let l(w) = c*t(w) + 5*p(w). Suppose -5*q - 2 = 13, 0 = -5*d + 5*q - 10. Give l(d).
-6
Let w(o) = 2*o**2 - o - 1. Let z(j) = -3*j**2 + 2*j + 1. Let k(f) = 4*w(f) + 3*